{"id":264,"date":"2021-01-31T15:21:07","date_gmt":"2021-01-31T14:21:07","guid":{"rendered":"http:\/\/new.pataclique.ch\/?page_id=264"},"modified":"2021-06-08T17:04:22","modified_gmt":"2021-06-08T15:04:22","slug":"sponsors-cd-hallucinant","status":"publish","type":"page","link":"https:\/\/www.pataclique.ch\/index.php\/medias\/nos-cds\/sponsors-cd-hallucinant\/","title":{"rendered":"Sponsors CD Hallucinant"},"content":{"rendered":"\n<p>Un grand merci \u00e0 nos sponsors et donateurs :<\/p>\n\n\n\n<figure class=\"wp-block-gallery columns-2 wp-block-gallery-1 is-layout-flex\"><ul class=\"blocks-gallery-grid\"><li class=\"blocks-gallery-item\"><figure><img decoding=\"async\" loading=\"lazy\" width=\"300\" height=\"263\" src=\"https:\/\/www.pataclique.ch\/wp-content\/uploads\/2021\/06\/Pub_Menuiserie_2-1-300x263.jpg\" alt=\"\" data-id=\"432\" data-full-url=\"https:\/\/www.pataclique.ch\/wp-content\/uploads\/2021\/06\/Pub_Menuiserie_2-1.jpg\" data-link=\"https:\/\/www.pataclique.ch\/index.php\/medias\/nos-cds\/sponsors-cd-hallucinant\/pub_menuiserie_2-1\/\" class=\"wp-image-432\" srcset=\"https:\/\/www.pataclique.ch\/wp-content\/uploads\/2021\/06\/Pub_Menuiserie_2-1-300x263.jpg 300w, https:\/\/www.pataclique.ch\/wp-content\/uploads\/2021\/06\/Pub_Menuiserie_2-1-1024x897.jpg 1024w, https:\/\/www.pataclique.ch\/wp-content\/uploads\/2021\/06\/Pub_Menuiserie_2-1-768x672.jpg 768w, https:\/\/www.pataclique.ch\/wp-content\/uploads\/2021\/06\/Pub_Menuiserie_2-1-1536x1345.jpg 1536w, https:\/\/www.pataclique.ch\/wp-content\/uploads\/2021\/06\/Pub_Menuiserie_2-1.jpg 1888w\" sizes=\"(max-width: 300px) 100vw, 300px\" \/><\/figure><\/li><li class=\"blocks-gallery-item\"><figure><img decoding=\"async\" loading=\"lazy\" width=\"300\" height=\"188\" src=\"https:\/\/www.pataclique.ch\/wp-content\/uploads\/2021\/06\/diminutif-1-300x188.jpg\" alt=\"\" data-id=\"423\" data-full-url=\"https:\/\/www.pataclique.ch\/wp-content\/uploads\/2021\/06\/diminutif-1.jpg\" data-link=\"https:\/\/www.pataclique.ch\/index.php\/medias\/nos-cds\/sponsors-cd-hallucinant\/diminutif-1\/\" class=\"wp-image-423\" srcset=\"https:\/\/www.pataclique.ch\/wp-content\/uploads\/2021\/06\/diminutif-1-300x188.jpg 300w, https:\/\/www.pataclique.ch\/wp-content\/uploads\/2021\/06\/diminutif-1-480x300.jpg 480w, https:\/\/www.pataclique.ch\/wp-content\/uploads\/2021\/06\/diminutif-1-640x400.jpg 640w, https:\/\/www.pataclique.ch\/wp-content\/uploads\/2021\/06\/diminutif-1.jpg 691w\" sizes=\"(max-width: 300px) 100vw, 300px\" \/><\/figure><\/li><li class=\"blocks-gallery-item\"><figure><img decoding=\"async\" loading=\"lazy\" width=\"300\" height=\"102\" src=\"https:\/\/www.pataclique.ch\/wp-content\/uploads\/2021\/06\/logo_garage-1-300x102.jpg\" alt=\"\" data-id=\"428\" data-full-url=\"https:\/\/www.pataclique.ch\/wp-content\/uploads\/2021\/06\/logo_garage-1.jpg\" data-link=\"https:\/\/www.pataclique.ch\/index.php\/medias\/nos-cds\/sponsors-cd-hallucinant\/logo_garage-1\/\" class=\"wp-image-428\" srcset=\"https:\/\/www.pataclique.ch\/wp-content\/uploads\/2021\/06\/logo_garage-1-300x102.jpg 300w, https:\/\/www.pataclique.ch\/wp-content\/uploads\/2021\/06\/logo_garage-1-1024x349.jpg 1024w, https:\/\/www.pataclique.ch\/wp-content\/uploads\/2021\/06\/logo_garage-1-768x262.jpg 768w, https:\/\/www.pataclique.ch\/wp-content\/uploads\/2021\/06\/logo_garage-1-1536x524.jpg 1536w, https:\/\/www.pataclique.ch\/wp-content\/uploads\/2021\/06\/logo_garage-1.jpg 1666w\" sizes=\"(max-width: 300px) 100vw, 300px\" \/><\/figure><\/li><li class=\"blocks-gallery-item\"><figure><img decoding=\"async\" loading=\"lazy\" width=\"300\" height=\"111\" src=\"https:\/\/www.pataclique.ch\/wp-content\/uploads\/2021\/06\/logorais-1-300x111.png\" alt=\"\" data-id=\"429\" data-full-url=\"https:\/\/www.pataclique.ch\/wp-content\/uploads\/2021\/06\/logorais-1.png\" data-link=\"https:\/\/www.pataclique.ch\/index.php\/medias\/nos-cds\/sponsors-cd-hallucinant\/logorais-1\/\" class=\"wp-image-429\" srcset=\"https:\/\/www.pataclique.ch\/wp-content\/uploads\/2021\/06\/logorais-1-300x111.png 300w, https:\/\/www.pataclique.ch\/wp-content\/uploads\/2021\/06\/logorais-1-1024x379.png 1024w, https:\/\/www.pataclique.ch\/wp-content\/uploads\/2021\/06\/logorais-1-768x284.png 768w, https:\/\/www.pataclique.ch\/wp-content\/uploads\/2021\/06\/logorais-1-1536x569.png 1536w, https:\/\/www.pataclique.ch\/wp-content\/uploads\/2021\/06\/logorais-1.png 1575w\" sizes=\"(max-width: 300px) 100vw, 300px\" \/><\/figure><\/li><li class=\"blocks-gallery-item\"><figure><img decoding=\"async\" loading=\"lazy\" width=\"300\" height=\"169\" src=\"https:\/\/www.pataclique.ch\/wp-content\/uploads\/2021\/06\/Rufi_Optique_Annonce64x36_quadri_logo_seul-1-300x169.png\" alt=\"\" data-id=\"433\" data-full-url=\"https:\/\/www.pataclique.ch\/wp-content\/uploads\/2021\/06\/Rufi_Optique_Annonce64x36_quadri_logo_seul-1.png\" data-link=\"https:\/\/www.pataclique.ch\/index.php\/medias\/nos-cds\/sponsors-cd-hallucinant\/rufi_optique_annonce64x36_quadri_logo_seul-1\/\" class=\"wp-image-433\" srcset=\"https:\/\/www.pataclique.ch\/wp-content\/uploads\/2021\/06\/Rufi_Optique_Annonce64x36_quadri_logo_seul-1-300x169.png 300w, https:\/\/www.pataclique.ch\/wp-content\/uploads\/2021\/06\/Rufi_Optique_Annonce64x36_quadri_logo_seul-1.png 504w\" sizes=\"(max-width: 300px) 100vw, 300px\" \/><\/figure><\/li><li class=\"blocks-gallery-item\"><figure><img decoding=\"async\" loading=\"lazy\" width=\"300\" height=\"199\" src=\"https:\/\/www.pataclique.ch\/wp-content\/uploads\/2021\/06\/st_hubert_shop_cv-1-300x199.png\" alt=\"\" data-id=\"434\" data-full-url=\"https:\/\/www.pataclique.ch\/wp-content\/uploads\/2021\/06\/st_hubert_shop_cv-1.png\" data-link=\"https:\/\/www.pataclique.ch\/index.php\/medias\/nos-cds\/sponsors-cd-hallucinant\/st_hubert_shop_cv-1\/\" class=\"wp-image-434\" srcset=\"https:\/\/www.pataclique.ch\/wp-content\/uploads\/2021\/06\/st_hubert_shop_cv-1-300x199.png 300w, https:\/\/www.pataclique.ch\/wp-content\/uploads\/2021\/06\/st_hubert_shop_cv-1.png 701w\" sizes=\"(max-width: 300px) 100vw, 300px\" \/><\/figure><\/li><li class=\"blocks-gallery-item\"><figure><img decoding=\"async\" loading=\"lazy\" width=\"300\" height=\"212\" src=\"https:\/\/www.pataclique.ch\/wp-content\/uploads\/2021\/06\/anesthesia_sa-1-300x212.jpg\" alt=\"\" data-id=\"422\" data-full-url=\"https:\/\/www.pataclique.ch\/wp-content\/uploads\/2021\/06\/anesthesia_sa-1.jpg\" data-link=\"https:\/\/www.pataclique.ch\/index.php\/medias\/nos-cds\/sponsors-cd-hallucinant\/anesthesia_sa-1\/\" class=\"wp-image-422\" srcset=\"https:\/\/www.pataclique.ch\/wp-content\/uploads\/2021\/06\/anesthesia_sa-1-300x212.jpg 300w, https:\/\/www.pataclique.ch\/wp-content\/uploads\/2021\/06\/anesthesia_sa-1-1024x724.jpg 1024w, https:\/\/www.pataclique.ch\/wp-content\/uploads\/2021\/06\/anesthesia_sa-1-768x543.jpg 768w, https:\/\/www.pataclique.ch\/wp-content\/uploads\/2021\/06\/anesthesia_sa-1-1536x1087.jpg 1536w, https:\/\/www.pataclique.ch\/wp-content\/uploads\/2021\/06\/anesthesia_sa-1.jpg 1637w\" sizes=\"(max-width: 300px) 100vw, 300px\" \/><\/figure><\/li><li class=\"blocks-gallery-item\"><figure><img decoding=\"async\" loading=\"lazy\" width=\"192\" height=\"53\" src=\"https:\/\/www.pataclique.ch\/wp-content\/uploads\/2021\/06\/logo_clinique.jpeg\" alt=\"\" data-id=\"427\" data-full-url=\"https:\/\/www.pataclique.ch\/wp-content\/uploads\/2021\/06\/logo_clinique.jpeg\" data-link=\"https:\/\/www.pataclique.ch\/index.php\/medias\/nos-cds\/sponsors-cd-hallucinant\/logo_clinique\/\" class=\"wp-image-427\"\/><\/figure><\/li><\/ul><\/figure>\n\n\n\n<p><strong>Mais encore :<\/strong><\/p>\n\n\n\n<p>Brasserie de l&rsquo;Aigle, Bo\u00e9court<\/p>\n\n\n\n<p>Technisc\u00e8ne, Del\u00e9mont<\/p>\n\n\n\n<p>Mario Kucman<\/p>\n\n\n\n<p>Maude Jolidon-Simon<\/p>\n\n\n\n<p>infoJU.ch, Bassecourt<\/p>\n\n\n\n<p>S. Concept S\u00e0rl, Del\u00e9mont<\/p>\n\n\n\n<p>Festi&rsquo;Look, Bassecourt<\/p>\n\n\n\n<p>GVS SA, Bassecourt<\/p>\n\n\n\n<p>Buchs et Plumey SA, Porrentruy<\/p>\n\n\n\n<p>Fred Lachat<\/p>\n\n\n\n<p>Lana Miserez<\/p>\n","protected":false},"excerpt":{"rendered":"<p>Un grand merci \u00e0 nos sponsors et donateurs : Mais encore : Brasserie de l&rsquo;Aigle, Bo\u00e9court Technisc\u00e8ne, Del\u00e9mont Mario Kucman Maude Jolidon-Simon infoJU.ch, Bassecourt S. Concept S\u00e0rl, Del\u00e9mont Festi&rsquo;Look, Bassecourt &#8230;<\/p>\n","protected":false},"author":2,"featured_media":0,"parent":192,"menu_order":0,"comment_status":"closed","ping_status":"closed","template":"","meta":[],"_links":{"self":[{"href":"https:\/\/www.pataclique.ch\/index.php\/wp-json\/wp\/v2\/pages\/264"}],"collection":[{"href":"https:\/\/www.pataclique.ch\/index.php\/wp-json\/wp\/v2\/pages"}],"about":[{"href":"https:\/\/www.pataclique.ch\/index.php\/wp-json\/wp\/v2\/types\/page"}],"author":[{"embeddable":true,"href":"https:\/\/www.pataclique.ch\/index.php\/wp-json\/wp\/v2\/users\/2"}],"replies":[{"embeddable":true,"href":"https:\/\/www.pataclique.ch\/index.php\/wp-json\/wp\/v2\/comments?post=264"}],"version-history":[{"count":3,"href":"https:\/\/www.pataclique.ch\/index.php\/wp-json\/wp\/v2\/pages\/264\/revisions"}],"predecessor-version":[{"id":436,"href":"https:\/\/www.pataclique.ch\/index.php\/wp-json\/wp\/v2\/pages\/264\/revisions\/436"}],"up":[{"embeddable":true,"href":"https:\/\/www.pataclique.ch\/index.php\/wp-json\/wp\/v2\/pages\/192"}],"wp:attachment":[{"href":"https:\/\/www.pataclique.ch\/index.php\/wp-json\/wp\/v2\/media?parent=264"}],"curies":[{"name":"wp","href":"https:\/\/api.w.org\/{rel}","templated":true}]}}